 Calculate the remainder when 1169 is divided by a(39).
2
Calculate the remainder when 285/(-456) + (-890)/(-16) is divided by 21.
13
Suppose -13*c + 18*c + 5*b = 1120, 4*c - b = 901. What is the remainder when c is divided by 16?
1
Let h = -20397 + 20493. What is the remainder when 466 is divided by h?
82
Suppose -137 + 53 = -3*w. Suppose -146 = 4*s - 5*s - 3*m, 15 = 3*m. What is the remainder when s is divided by w?
19
Let i(o) = -13*o - 5. Calculate the remainder when 30/(-4)*(4/(-8) + (-16296)/1008) is divided by i(-5).
5
Let a = 387 - 280. Suppose a - 1147 = -5*f. What is the remainder when f is divided by 53?
49
Suppose 5*y + 110 = 4*m, -m + 5*y = -0*m - 20. Let k(q) = 14*q - 8. Let n be k(15). Suppose -152 = -3*u + n. What is the remainder when u is divided by m?
28
Let b(d) = -d**3 - 19*d**2 + 57*d + 16. Calculate the remainder when b(-22) is divided by (3/(-4))/(2*7/(-1008)).
52
Suppose 0 = 40*j - 367 - 433. Let w be 8 + -6 + 1*318. Suppose 3*f + f = 8, -4*o + w = 4*f. Calculate the remainder when o is divided by j.
18
What is the remainder when (-3)/(-2)*(-603040)/(-60) - 0 is divided by 260?
256
Suppose -5*z + 193 = -77. Suppose 73*m + z = 79*m. Suppose -5*o = -3*d - 113, -4*o - 3*d = d - 84. What is the remainder when o is divided by m?
4
Suppose -13*g = -6 - 7. What is the remainder when 11/(((0 + -2)/(-38))/g) is divided by 35?
34
Suppose -4*j + 3*v + 804 = 0, 35*v - 358 = -2*j + 31*v. Calculate the remainder when 804 is divided by j.
24
Suppose 1509 - 4306 - 4217 = -21*o. Calculate the remainder when o is divided by 88.
70
Suppose -708 = 204*o - 381*o. Let q = 12 - 34. Let l = 20 - q. Calculate the remainder when l is divided by o.
2
Suppose -9*y = -5*y + 160. Let q be 0/(-4) - -1 - y. Let z = q + -40. What is the remainder when z is divided by 1?
0
Suppose 12160 = 6*d - 2*d - f, 0 = 5*f. Suppose 2*o + w - d = -3*o, 0 = -5*w - 25. Calculate the remainder when o is divided by 68.
65
Let b = 7647 + -7620. Suppose 0 = 2*h + 2*c - 98, 4*h - 3*c + 47 = 5*h. Calculate the remainder when h is divided by b.
23
Suppose -3*i + 96 = -15. Suppose 0 = -p + 4 - 1. Suppose -g - 62 = -p*s, 0*s + 14 = s + g. Calculate the remainder when i is divided by s.
18
Suppose 4*i - f - 21 = -7, -3*i + f + 11 = 0. Suppose -i = 3*c, 6*h + 4*c - 188 = 3*h. Calculate the remainder when h is divided by (888/(-259))/((-2)/14).
16
Let s(l) = -l**2 + 24*l - 19. Let j(v) = -v**3 - 10*v**2 - 19*v - 3. Let c be j(-8). What is the remainder when 219 is divided by s(c)?
43
Let o(z) = z + 50. Let n be o(-31). Suppose -n*j = -13*j - 498. What is the remainder when j is divided by 7?
6
Let r = -4377 - -4546. Calculate the remainder when 687 is divided by r.
11
Suppose 76025 + 24554 = 15*m - 12446. What is the remainder when m is divided by 2511?
2
Calculate the remainder when (378/(-81))/(328/(-1683) + 4/22) is divided by 60.
57
Suppose 22*c = -419 + 2311. Calculate the remainder when 1113 is divided by c.
81
Calculate the remainder when 688 is divided by -8 + (2 - -256) - 2*3.
200
Suppose -4*b - v = -152, 5*b - v - 190 = v. Suppose -2*s - b = 4*m, 0 = -s - 3*m - 21. Calculate the remainder when 87 is divided by s/10 - 315/(-10).
27
Let l(w) = w**3 + w - 2. Let n(s) = s**3 - 14*s**2 - 46*s + 6. Let f(c) = -2*l(c) + n(c). What is the remainder when 37 is divided by f(-8)?
7
Let h(i) = -45*i**2 + 482*i + 31. Suppose -2*p - t + 3*t = -26, -2*p - 5*t + 47 = 0. What is the remainder when h(10) is divided by p?
15
Suppose -4*i + 5*m = -317 - 382, 156 = i + 5*m. What is the remainder when i is divided by 61?
49
Suppose -y - 368 = -i, 3*i - 5*y - 422 - 684 = 0. Suppose 9*w - 245 - i = 0. What is the remainder when 131 is divided by w?
63
Let v = -33996 - -34160. Calculate the remainder when v is divided by 48.
20
Suppose -5*s = -18*s - 52. Suppose 2*x + 14 = 3*x. Calculate the remainder when 2/(s/10*(-40)/424) is divided by x.
11
Let g be (-6)/(-9)*15/2. Suppose 5*f = g, -w + 0*w + 27 = -4*f. Suppose -k - 8 = 5*y + 6, 62 = 5*k + 3*y. What is the remainder when w is divided by k?
15
Suppose 0 = 5*z + 4*i - 717, 208 = z + 4*i + 39. Calculate the remainder when z is divided by 7.
4
Let z(f) = -2*f**3 + 27*f**2 + 2*f - 44. Let a be z(13). Suppose a*u - 144*u - 140 = 0. Calculate the remainder when 619 is divided by u.
19
Suppose -5*u = -3*p - 3049, -5*u + 2*p - 1133 = -4179. What is the remainder when u is divided by 182?
62
Let z be 3/((-36)/(-39)) - 2/8. Suppose 2 = z*w - v + 3*v, 2*w = -4*v + 4. Suppose -4*s + 123 - 39 = w. Calculate the remainder when 83 is divided by s.
20
Let m be 2*(-6 + (-16)/(-2)). Suppose m*g + 4*v = 144, -2*g - v + 70 = 3*v. Calculate the remainder when 144 is divided by g.
33
Suppose 5*b - 5*i - 515 = 0, -1701*i + 1703*i + 509 = 5*b. What is the remainder when 418 is divided by b?
14
Suppose 0 = 7*m + 49 + 35. Let t be (m/28)/((-2)/14). Suppose -13 = -t*a + h, a - 3*a = -5*h. What is the remainder when 24 is divided by a?
4
Let d = 3210 + -3129. Calculate the remainder when 5912 is divided by d.
80
Let x be (2 + 1/(-2))*(218 + 10). Suppose -24*h - 78 + x = 0. What is the remainder when 39 is divided by h?
6
Let l(k) = -2109 + 1117 + 5*k + 1070. Calculate the remainder when 184 is divided by l(-6).
40
Let l = 50 + -41. Let h = l + -84. What is the remainder when 177 is divided by (-2225)/h - 1/(-3)?
27
Let z(o) = 4 - 2*o**2 - 112*o + 0*o**3 - 2*o**2 + 99*o + o**3 + 10*o**2. Calculate the remainder when z(-6) is divided by 42.
40
Let q(h) = 106*h - 2751. Calculate the remainder when q(44) is divided by 51.
26
What is the remainder when 80 is divided by 416/18 + 240/(-2160)?
11
Suppose -210 = -2*j - r + 220, -654 = -3*j - 3*r. Calculate the remainder when 634 is divided by j.
210
Let j = 94 - 1. Let v = 130985 - 130804. What is the remainder when v is divided by j?
88
Let t = -1 - -7. Let i be ((-36)/27)/((-4)/42). Calculate the remainder when (-270)/(-105)*i/4 is divided by t.
3
Let c(b) = 299*b - 1950. Calculate the remainder when c(8) is divided by 63.
1
Suppose -140*w + 132*w + 712 = 0. What is the remainder when 822 is divided by w?
21
Suppose 37*n - 54 = 10*n. Suppose l + 137 - 34 = n*z, 4*z = -5*l + 199. Calculate the remainder when 136 is divided by z.
34
Let l be (-3 + 1)*2745/(-30). Let d = 789 - l. Calculate the remainder when d is divided by 8.
6
Suppose -2*m = -k + 4*k - 129, k - 2*m - 43 = 0. What is the remainder when 1718 is divided by k?
41
Let n be (-1675)/(-3) - -10*6/(-180). Suppose 264*z - n = 255*z. Let s(a) = -a**3 + 8*a**2 - 3*a - 7. Calculate the remainder when z is divided by s(7).
20
Let d(t) = -t**3 + 7*t**2 - 3*t - 14. Let c = 253 - 248. What is the remainder when 50 is divided by d(c)?
8
Let y = -29 - -18. Let v(j) = -j**3 - 12*j**2 - 14*j - 17. Let l(w) = 23*w + 1. Calculate the remainder when l(2) is divided by v(y).
15
Calculate the remainder when (50/3 + -2)/(11 - (-2271)/(-207)) is divided by 4/(-3 + 11) - (-202)/4.
47
Suppose 4*n = -2*y + 310, -4*y - 3*n + 154 = -3*y. Let b = -2129 - -2391. Let d = b - y. What is the remainder when d is divided by 9?
6
Let c = 3847 - 3162. What is the remainder when c is divided by 70?
55
Suppose -258*g + 56405 - 6690 = -95*g. What is the remainder when g is divided by 6?
5
What is the remainder when 1428 - ((-57)/(-12) + (-1)/(-4)) is divided by 57?
55
Let x = -52 + 57. Suppose -x*n = 4*v - 27, -5*v + n - 1 + 13 = 0. Suppose m - 2*m = -5*i + 650, 5*i - v*m = 650. What is the remainder when i is divided by 44?
42
Suppose 5*c - 280 = 12*r - 7*r, -2*r - 58 = -c. What is the remainder when 76 is divided by c?
22
Suppose -19*c + 18*c - 4*i = 10, 0 = 5*c - 4*i + 2. Let f(w) = -14*w. Let u be f(-3). What is the remainder when 27 is divided by (60/u)/(c/(-14))?
7
Let k be (-2)/(50/185)*-5. Suppose 0 = -18*r + k + 143. Suppose c = 9*u - r*u, c = -3. Calculate the remainder when 7 is divided by u.
1
Suppose 0 = -3*k + 12*k - 14284 - 2789. Calculate the remainder when k is divided by 119.
112
What is the remainder when (-54 + 58 - (8 - 0))/(12/(-1338)) is divided by 50?
46
Let b be -1*1 - (1 + -1). Suppose -302 = -59*g - 22*g + 1399. What is the remainder when g is divided by (12/10)/(b/(-5))?
3
Suppose -4*v + 688 = 9*d - 5*d, -2*v - 4*d = -354. Suppose -v = -6*r + 13. Let f(j) = -3*j - 18. Wh